61 - 15 - (39 - 14)).
-29
What is the value of 18 + (-40 + 77 - -66)?
121
Calculate 45 + 34 + -17 + (12 - (0 - -6)).
68
What is the value of (1 - -21) + (-19 - (-43 + 14 + -4))?
36
Evaluate -46 - -16 - (3 + -16) - (24 + 11).
-52
Evaluate -21 - (91 + -47 - 98).
33
What is the value of -15 + 6 + (22 - -5) + -41?
-23
What is 74 + -30 + 33 - -3 - 16?
64
Calculate 39 - -2 - -2 - (203 - (252 - 68)).
24
Evaluate (281 - 320) + (4 + 1 - 46).
-80
Evaluate (25 - 31) + 18 + (53 - 1 - (24 - 16)).
56
Calculate 0 + (-23 + 17 + -3 - (3 + -1)).
-11
What is the value of (50 - (-7 - (1 + -5))) + 3 - (190 + -199)?
65
Calculate 2 - (-10 - (1 + -16 - (-11 - -9))).
-1
Calculate 4 + (-14 - (-57 + 20 + 3) - 21).
3
(35 - 21) + (140 - 142 - (0 - -80))
-68
Calculate (6 - 3) + -2 + (-48 - 1) - (2 + 6).
-56
What is the value of -6 + (14 - (-3 - (-24 - -7)))?
-6
What is the value of -42 - -37 - -7 - (0 - 1 - -87)?
-84
Calculate -16 + 21 + (5 - (-9 - 22)).
41
(-33 - -17 - (-4 - 2)) + (57 + 5 - -3)
55
Calculate -63 + (21 - (14 + 8)) + 4 - -17.
-43
Evaluate -63 + (-18 + 16 + -3 - -20 - 8).
-56
What is the value of -18 + -23 + -18 + 57?
-2
31 + -18 - -12 - 16 - (0 + 5 - 32)
36
What is (50 + -72 - 112) + (21 - -6)?
-107
What is (-5 + -2 - (-166 + 163)) + 67?
63
What is the value of 22 + -16 + (7 - 2 - 52) + (3 - 1)?
-39
What is -25 - (1 + -16 - (-8 - (-13 + 30)))?
-35
What is the value of 101 + -24 + 0 - ((-2 - 0) + -4 - -1)?
82
-2 - (-56 - (2 + 7))
63
-41 + 2 - (-22 + 26) - (-13 + (13 - 10))
-33
What is 380 - 328 - (30 - -1)?
21
Calculate 26 - (14 + (-8 - -31)).
-11
Evaluate (6 - 35) + 136 + -21 + 1 - 19.
68
-98 + (31 - -103 - 185)
-149
Evaluate (0 - 11) + 1 - (48 - (24 - 11)).
-45
Evaluate (113 - 135) + (-38 - -25).
-35
Calculate (0 + 3 - -9) + (8 + 0 - 16).
4
Evaluate 49 - 15 - ((-26 - -30) + 11).
19
21 + -7 + (-25 - 3) - -45
31
Calculate -5 - (2 + (11 - 11) - (45 - 45)).
-7
What is -2 - (10 - (10 + -12 + 15) - 9)?
10
What is the value of 13 + (-7 - (56 + 8 + 1 + -4) - 12)?
-67
Calculate (6 - -2) + 11 + (4 - -9) + -4 + -5.
23
Calculate (0 - 112) + (1612 - 1554).
-54
What is the value of 3 + -96 + 2 - (-2771 - -2769)?
-89
Evaluate (8 - 10 - -21) + -31 + -45 + -13.
-70
Calculate 58 - (-99 - -30) - 206.
-79
Calculate 1 + 14 + (2181 - 2161 - (1 + 2)).
32
62 - (29 + -74 + 64)
43
Calculate -71 + 86 + -16 + 5 + 3.
7
What is 5 - (11 - 0 - (-40 + -6 + -9))?
-61
Calculate -1 - -98 - (-14 - -15) - (-1 - -98 - 88).
87
13 + (-10 - (-79 + 27))
55
Evaluate -4065 - -4087 - (36 - -1).
-15
(593 - 549) + (6 + 5 - 79)
-24
-96 + -102 + 172 + -30
-56
(-53 - (23 + -42)) + -6 + 20
-20
Evaluate -59 + (-5 - -4) + 738 + -756.
-78
What is the value of -5 + 15 - (6 + 11) - (7 + -23)?
9
31 + -33 + (73 + 3 + -7 + -2 - -9)
74
Evaluate -971 - -972 - (31 + (2 - 1)).
-31
Calculate -1 + (-40 - -24 - -44).
27
Evaluate 8 - (25 - 14) - ((16 - -121) + -6).
-134
Calculate 1 - 0 - ((-3 - 4) + (-31 - 3)).
42
-3 + (107 - 90) + -63
-49
What is -13 + (1 + -14 - (3 + (4 - 3))) + 13?
-17
Calculate -23 - (-15 + 12 + -30 + 51).
-41
Calculate 18 + (-3 + 1 - (17 - 36)).
35
What is -262 + 73 + 42 + 6 + -1 + -1?
-143
Evaluate -3 - -28 - 16 - ((19 - 14) + 64).
-60
What is the value of (50 - 114) + 52 - 35?
-47
-20 + (-6 - (-12 - -20)) + 27 + 43 + -2
34
Calculate -41 + -69 + 88 - (-1 + -12).
-9
-97 + 75 - (8 - 4 - 46)
20
What is 13 - (-9 - -2) - (3 + -59) - -19?
95
What is the value of -58 + (27 - ((42 - 30) + 15))?
-58
-82 + (-1 - -21) + 17 - (2 - 2 - 1)
-44
Calculate (64 - (1 - -7)) + -13 + (-18 - -19).
44
Calculate 6 + -10 - (7 + -18) - 13 - (1 - -46).
-53
Calculate -3 + (-21 - (-19 + -21)) + 16.
32
What is (4 - 70 - (-23 - -14)) + (-19 - -8)?
-68
Calculate -12 + 1 - ((14 - (-7 - -6)) + 26).
-52
What is the value of (2 - -4 - 55) + 0?
-49
What is the value of 7 + -10 + 5 + 1 + -2 + 3 + 2?
6
What is the value of (-14 + (-4 - -26) - 0) + -48 + -9?
-49
-73 - ((-2 - 9) + 185 + -134)
-113
Evaluate 45 - (-38 + -32 + -19 + 24).
110
Calculate 39 - (17 + -14 + (-9 - (-14 + 1))).
32
-24 + 32 + (0 - 11 - -5) + -1 + -85
-84
Evaluate (15 - -8) + -23 + 9 + -5 - 38.
-34
What is the value of (1 - -6) + (30 - -8)?
45
-29 + (-6 - (22 - 49)) + 48
40
What is -10 + (-8 - (-3 - 12) - 18) + (1 - 44)?
-64
Calculate 10 + 2 + (-330 - -296) + -41.
-63
What is 142 + -209 + 195 + (1 - -4 - (14 - 11))?
130
What is -4 + 17 + 8 + (-7 - 6)?
8
What is the value of 38 + -43 + 152 - 41?
106
Calculate -79 + (-18 + -1 - -16) + 6 + -3.
-79
Calculate (3 - -1) + -4 + 18 - (2 - 5) - -9.
30
239 - (100 + 102 + -78)
115
8 + (-18 - -12) - (-39 + 2 + -4)
43
What is -34 + (-49 - -27 - -40) + 36?
20
Evaluate 21 + -2 - (-34 - (-57 - 27)) - 22.
-53
What is the value of (-20 - 0) + -1 - (94 + 105 + -214)?
-6
-73 + 88 + 129 + -88
56
What is 6 + -32 + 20 - (-7 + 2 + -3 + 0)?
2
Evaluate (-12 - (19 + -27)) + -16.
-20
What is the value of (4 + 9 - 4 - 158) + (-5 - (-21 - -5))?
-138
Evaluate -447 - -499 - (-18 + 3) - (-8 - -2).
73
Calculate 35 + (39 - 50) + -5 + (20 - -1).
40
What is the value of (-1 - -1) + -18 - (-3528 + 3455)?
55
What is the value of -67 - (23 + -35 + -5 + 37)?
-87
What is 73 + 10 + (-31 - (-5 - 4))?
61
Calculate -99 + 46 - -91 - 27.
11
-2 - ((-2 - -11 - 9) + -3 - 10)
11
Evaluate 4 + 0 + 2 + -21 + -17 + 51.
19
Calculate -37 - -131 - 92 - (-3 + 85 - -4).
-84
What is the value of 96 - 45 - 48 - (-3 - -58)?
-52
31 + -3 - (-72 - (-159 + 70))
11
What is the value of 40 - (-1 + (-6 - -12)) - (-1 - -1 - -5)?
30
Calculate -11 + 3 - (108 + -113).
-3
What is the value of -38 + (-89 - -67) - -88?
28
What is the value of -61 - (-9 - (28 + -18 + -14 + 10 + -2))?
-48
What is the value of -26 - 1 - (-1176 - -1158) - 27?
-36
What is the value of -297 + 303 + -87 + 2 - -23?
-56
Evaluate -3 - (-1 + (6 - -1) + (3533 - 3517)).
-25
Evaluate (-147208 - -147171) + 0 + (1 - -34).
-2
(1 + -8 - -46) + 621 + -624
36
What is -77391 + 77354 + (87 - 1 - 0)?
49
What is the value of 120 - (13 + (16 - 25 - -27) + -36)?
125
-45 + 14 + (-17 + 9 - -39) + (-122 - 1)
-123
Calculate 21 + (-158 - ((-16 - -20) + -11 - 3)).
-127
-1 + 48 + (-1156 - -1097)
-12
What is -178 - -177 - (-50 - -12)?
37
Calculate -3 + (10 - -1) + (-4 - (-17 + 53)).
-32
What is the value of 97 + -167 + 86 + (5 - -81)?
102
Evaluate (-21 - (-30 - (-22 + -17))) + -40.
-70
What is the value of (-5 + -6 - -2) + 8 - (-7 + -4 - 53)?
63
What is the value of -1 + (2 - (34 + -1)) + (-323 - -320)?
-35
Evaluate (3 - 0) + 1 - -10 - (30 + -114).
98
What is the value of -41 - (-67 + 83 + 24)?
-81
What is the value of -21 - -8 - (62 - -38 - 136)?
23
Calculate -6 + (-3 + 7 + 2 - 92) + 117 + -104.
-79
Evaluate -8 + (4 + 25 - 28) - (-1 + 6).
-12
4 + 21 + -123 + 123 + (2 - 8)
19
What is -7 + -153 + (2 - -4) + (-9 - (-1 - 15))?
-147
What is the value of 8087 + -8122 - (14 - (0 + 1))?
-48
What is (-35 - -82) + -98 - -49?
-2
What is -420 - -383 - (0 - (19 - -5)) - (2 + 26)?
-41
Evaluate (-23 + (16 - -17) + -29 + -1 - -10) + -40.
-50
Calculate -29 - (3 + 4 - (17 + (-27 + -6 - -7))).
-45
Evaluate -1 + (-7 - -16) + (50 - 1) + (0 - -1).
58
Calculate 5 - (-1 + (-10 - 4)) - (-821 - -686).
155
Calculate 1 + -2 + 9 + 1195 + -1180.
23
What is (-16 - (-50 + 8)) + -50?
-24
44 + (10 - 87) + 84 + -12
39
Evaluate 59 + (-8 - -19) + -21.
49
11 + (1 - -1 - (103 - 16)) + 15
-59
0 + -44 + 5 - (490 + -479)
-50
(7 - (-18 - -5)) + (0 - -3)
23
What is (-1 - -17) + -226 + 280 + -158 + 1?
-87
What is the value of -10 + 1 + (6 - 3) + (3 - (30 - 39))?
6
What is -2 + (-28 - 3) - (4268 + -4382)?
81
What is -36 + 2 + -3 + (125 - (143 - 7))?
-48
20 + (-46 - -25 - -1) - -24
24
What is the value of -77 - (-54 + 42 - 17)?
-48
-94 + (-17 - (118 + -143))
-86
Calculate (-22 - (2 + -12)) + -13 + 108 + (4 - 7).
80
Calculate 2 - (4 - -1) - (4 + 6 - -4).
-17
5 + -14 + 6 + -1 + -9 + 55
42
Evaluate 15 + (26 - (34 + -20)) - (2 - -8).
17
What is the value of -68 + (1 - (16 - (-2 + 18 - -20)))?
-47
28 + -31 - (-1 - 18 - (31 - 24))
23
Calculate 16 + (3 - -5) + 13 + -23 + (-1 - 7).
6
(15 - (78 - 18)) + (-7 - -13)
-39
What is the value of -2 + 15 - ((21 + -30 - 0 - -21) + -24)?
25
8 + -6 + 24 + (2 - -2) + -6 + -1
23
(-6 + 7 - 1) + -2 + 53 + -2
49
Calculate (-1 - 12) + 30 + -13 - -9.
13
What is the value of -1304 + 1330 - (48 + (2 - 0))?
-24
What is 7 + (-9 - (-25 + 7 + (11 - 7))) + 8?
20
What is t